 is divided by r?
1
Let x(a) = 4*a + 4 - 6*a + 5*a**3 + 6*a - 3*a**3 + 14*a**2 + 5*a. What is the remainder when 82 is divided by x(-6)?
16
Suppose -5*z - 72*a = -73*a - 9670, -7736 = -4*z - a. What is the remainder when z is divided by 162?
152
Suppose 4*n = 2 - 10. What is the remainder when 5 - (36/(-126) + (-222)/7) is divided by 2 + n + -2 - -15?
11
Suppose 4*a = 5*g - 40, 387*g - 55 = 382*g + a. Calculate the remainder when 419 is divided by g.
11
Let f(j) = 20*j**3 + 7*j**2 - 2*j - 46. What is the remainder when f(3) is divided by 65?
31
Suppose n = 3*a - 6*a + 2290, n + a = 2302. Calculate the remainder when n is divided by 22.
20
Let t be (0 - 10 - -1)*(-8)/18. Suppose 3*n + t*g = 109, 0 = -2*n - 3*g + 4 + 70. Calculate the remainder when 183 is divided by n.
28
Let q be (-1)/(7/(-2)) + (-960)/28. Let a be (((-96)/10)/3)/(q/85). Suppose p = -4*x + 21, -5*x - 12 = -a*x. What is the remainder when 16 is divided by p?
1
Let p be (13/((-78)/(-84)))/((-8)/124). Let q = 319 + p. Calculate the remainder when q is divided by 52.
50
Let w be 1/((-15)/12)*15/(-6). Let i be (-744)/10 + w + 4/10. Let x = i - -108. Calculate the remainder when 214 is divided by x.
34
Let w(a) = -10*a**2 - 13*a - 26. Let o = -7 + -6. Let t be w(o). What is the remainder when 172 is divided by t/(-35) + 2/(-10)?
40
Let g = 38 + -43. Calculate the remainder when (-927)/g + (-9)/((-405)/(-18)) is divided by 124/14*(-4 - -11).
61
Let z(h) = -21*h - 367. What is the remainder when 178 is divided by z(-21)?
30
Suppose 2*j + 4*v = 3*v + 171, -3*j + 274 = 5*v. What is the remainder when j is divided by 5 + (-46)/(-6) - (-7 + (-80)/(-12))?
5
Let h be 9 + (10/5)/(-1). Suppose 4*z - 5 + h = -2*i, 12 = -3*z + 2*i. What is the remainder when 4 is divided by 4 + (2 - (2 - z))?
0
Let y = 15 + -12. Suppose 4*l - 6*l - 2 = -s, -3*l = -y*s + 6. Suppose -s*o + 50 = 2*b, o + 5*b + 0*b = 37. Calculate the remainder when o is divided by 8.
6
Let a = 7 - 5. Let x(d) = -d + 4. What is the remainder when (222/(-18) - 5)*(-3)/a is divided by x(-5)?
8
Suppose 131*v - 322 = -5*z + 138*v, 5*z - v - 346 = 0. What is the remainder when 5597 is divided by z?
67
Let i = 105 + -50. Let b(k) = 0 + 5 - 2 - k. What is the remainder when i is divided by b(-11)?
13
Let x = 25 - 12. Suppose 0 = -5*r - x + 43. Suppose 0 = r*b - 22 - 8. What is the remainder when 24 is divided by b?
4
Let n be 3528/120*(-4 + -1). Let i = n - -152. What is the remainder when 4*-1*18/(-8) is divided by i?
4
Let a(g) = 47*g**2 + 4. Let m be a(2). Suppose 0 = -13*q - 900 - m. Let v = q + 130. What is the remainder when 88 is divided by v?
42
Let h = 39 + -34. Let t = 279 - 245. Calculate the remainder when t is divided by h.
4
Let r(l) = 460*l + 5137. What is the remainder when r(-6) is divided by 183?
181
Let n be 2*(-2 - (-94)/4). Suppose -y + n = 7. Let p = 85 + -15. Calculate the remainder when p is divided by y.
34
Let s(z) = -z**3 + 2*z**2 + 103*z + 1322. What is the remainder when s(-16) is divided by 9?
7
Let b be ((-2)/11 - (-18)/(-22)) + -196. Let l = 233 + b. Calculate the remainder when 68 is divided by l.
32
Suppose 5*o = -3*z + 3940 + 421, 0 = -o - 3*z + 865. Calculate the remainder when o is divided by 57.
19
Suppose -2*w - 2*c + 30 = 2*w, -20 = -4*c. Suppose -w*a = 2*a - 56. Let k = 13 + -8. What is the remainder when a is divided by k?
3
Let x = 106 + -173. Let l = 98 - x. Calculate the remainder when l is divided by 83.
82
Suppose 0 = -3*q, 19*m - 18*m - 2*q = -605. Let g = 634 + m. What is the remainder when 62 is divided by g?
4
Let l = 4014 - 3912. Suppose 2*u - 3*d - 22 = 0, -42 = -3*u - u + 5*d. Calculate the remainder when l is divided by u.
6
Let w(q) = -882*q - 2750. Calculate the remainder when 2361 is divided by w(-4).
27
Suppose v + 3*v - 68 = 2*t, 3*t - 51 = -3*v. Let w(f) = -f**3 + 15*f**2 + 36*f - 2. What is the remainder when 62 is divided by w(v)?
30
Let j(h) = -4*h**2 - 10*h - 24. Let f be j(-5). Let l = f + 65. Calculate the remainder when 93 is divided by (192/l*3/(-2))/2.
13
Let v(y) = -13*y - 15*y + y**2 + 4 - 1 + 20*y. Let n be v(8). Suppose 3*l = -0*l - 4*o + 330, 3*l - 330 = -n*o. Calculate the remainder when l is divided by 14.
12
Suppose -4*w + 5 = 109. Let j(c) = c**3 + 25*c**2 - 28*c - 44. What is the remainder when 31 is divided by j(w)?
7
Suppose 2*d = -g + 377, d + 0*g = 2*g + 186. Let c(n) = 48*n**3 + 2*n**2 + 3*n - 3. Calculate the remainder when d is divided by c(1).
38
Suppose -5*i = 4 - 59. Let s = 2 + 0. Suppose s*g - 61 = -g - w, 15 = g - 5*w. What is the remainder when g is divided by i?
9
Let s(m) = m**3 + 19*m**2 - 5*m - 298. Calculate the remainder when 1266 is divided by s(-18).
106
Suppose -1213 + 135 = 14*q. Suppose 3*x - 50 = x. Calculate the remainder when (-20)/5 - (q + -1) is divided by x.
24
Suppose 2*c = -5*f + 3917, -9*c = -11*c + 3*f + 3893. What is the remainder when 3912 is divided by c?
10
Suppose 0*u = 3*n + 5*u - 131, 144 = 4*n - u. Let k = 60 - n. Let h = -3764 - -3809. Calculate the remainder when h is divided by k.
22
Let c(x) = -7*x + 21. Let l(n) = -5*n + 48. Let f be l(11). Let v = -2 + 27. Calculate the remainder when c(f) is divided by v.
20
Let r(p) = 6*p**2 + 90*p - 834. Calculate the remainder when r(9) is divided by 110.
22
Let q = -8 + 5. Suppose -48 = -w - 87. What is the remainder when 64 is divided by w/q*(5 - 4)?
12
Suppose 4*w = 3*x - 633, 3*x + w + 5 - 668 = 0. Calculate the remainder when x is divided by 186.
33
Let c = 3946 + -3711. Calculate the remainder when c is divided by 11.
4
Let y be (-3743)/(-12) - (-10)/120. Suppose z = -m + 62, 3*m = -5*z - m + y. Calculate the remainder when z is divided by 31.
2
Let b(g) = 4*g**2 - 12*g + 14. Let z be b(7). Suppose 0 = 4*q + 566 - z. Calculate the remainder when 75 is divided by q/(-8) + (-45)/60.
10
Let r(h) = 44*h**2 - 43*h + 104. What is the remainder when r(5) is divided by 45?
44
Suppose 5*p = 5*u - 130, -313*u - 5*p + 70 = -310*u. Calculate the remainder when 2148 is divided by u.
23
Suppose 28*s + 27633 - 265689 = 0. What is the remainder when s is divided by 28?
18
What is the remainder when 19830 is divided by (-3)/(-2)*12/(-117) + 6984/104?
65
Suppose -6*g - g + 756 = 0. Let j be (-7)/(-9) + 24/g. What is the remainder when (0 - (-2 - 22)) + (1 - j) is divided by 15?
9
Let j be -2 - (3 - -1)/1. Suppose n = -2*l + 24, 0 = 3*n - l + 2*l - 47. What is the remainder when n is divided by ((-24)/20)/(j/40)?
6
Let w be 2459/23 + 10/115. Suppose j + w + 38 = 3*x, -3*x + 153 = -3*j. What is the remainder when 180 is divided by x?
39
Suppose -29*t + 20*t = -5*w - 421, -4*t + 3*w + 191 = 0. Calculate the remainder when 10424 is divided by t.
40
Suppose 0 = 13*m - 36883 - 2182. Calculate the remainder when m is divided by 8.
5
Let f(t) = t**3 - 5*t**2 - 5*t - 1. What is the remainder when f(9) is divided by 3260/90 - 16/2 - (-4)/(-18)?
26
Suppose 5*x - 84 = -4. Suppose -10*i = -14*i + 32. Calculate the remainder when (-4)/(i/10)*-9 is divided by x.
13
Suppose -2*o + 3*u = o + 1005, -1002 = 3*o - 4*u. Let v = o - -486. Let l = v - 122. What is the remainder when l is divided by 14?
12
Let w = -1505 + 2095. What is the remainder when w is divided by 119?
114
Suppose 6*r + 12 = -6. Calculate the remainder when ((-1)/(-3))/((-2)/162*r) is divided by 6.
3
What is the remainder when (-124)/93 - 11598/(-18) is divided by 40?
3
Suppose -4*v - 60 = -4*m, 2*v - 4 = -2*m + 38. Let l = 10 + m. Let s = 15 - 9. Calculate the remainder when l is divided by s.
4
Suppose -r = -u + 11, 25 = 5*u - r - 10. Calculate the remainder when 188 is divided by 5/(270/(-9)) + 355/u.
11
Let c(k) = 2*k**3 + 8*k**2 + 4*k - 2. Let u be c(-3). Suppose 3*f = -2*v + 243, v - u*v + 357 = 2*f. What is the remainder when v is divided by 7?
5
Suppose -16 = -2*k + 2. Let c be 0 + 0 - (27/3)/(-9). What is the remainder when k is divided by ((-1)/2)/(((-9)/108)/c)?
3
Suppose 111 = 3*x - 5*c, 5*x - 87*c = -82*c + 195. What is the remainder when 1255 is divided by x?
37
Let u(k) = 58*k - 65. Let l be u(-9). Let q = -399 - l. What is the remainder when q is divided by 38?
36
Let k(j) = 292*j**2 - 1427*j - 8. Calculate the remainder when k(5) is divided by 145.
12
Let r = -46 + 42. Suppose -30 = -3*a - 2*a. Calculate the remaind